0*u - 17. What is the tens digit of a?
1
Let g(a) = -2*a. Let o be g(-1). Suppose 54 = o*h + 22. What is the units digit of h?
6
Let k(b) = -b**3 + 11*b**2 + 8*b - 8. Let a be k(12). Let l = -6 - a. What is the units digit of l?
0
Suppose -2*q - 5*l + 269 = q, 0 = 4*q + 3*l - 366. What is the units digit of q?
3
Suppose 0 = 5*m - 5, q = m - 5*m + 16. What is the tens digit of q?
1
What is the hundreds digit of (1 + 3)/(8/636)?
3
Suppose 328 = -0*n + 2*n. What is the tens digit of n?
6
Suppose -742 = -4*p - q, 4*p = -3*q + 120 + 626. What is the units digit of p?
5
Let c = 2 - 9. Let y(i) = -i - 2. Let m be y(c). Suppose 0*x + m*x - 40 = 0. What is the units digit of x?
8
Let l(y) = -y + 2. Let g be l(4). Let k be g - 0 - (-7 + 3). Suppose 0*z + k = z. What is the units digit of z?
2
Let q = 11 + -8. Suppose 0 = -q*m + 5*m. Let v(n) = n**3 + 1. What is the units digit of v(m)?
1
Suppose -11 = -p - 9. Let v(x) = x**3 - 2*x**2 - x + 4. What is the units digit of v(p)?
2
Let r = -130 + 187. What is the tens digit of r?
5
Suppose 4*j = 5*d - 479, 3*j = -5*d + 5*j + 477. What is the units digit of d?
5
Let p = -15 - -11. Let r = 4 + p. Suppose r = 3*n + 2*n - 5*k - 15, 5*n + 4*k = -3. What is the units digit of n?
1
Suppose 0 = 2*d + 56 - 200. What is the tens digit of d?
7
Suppose -3 = 4*g + 5. What is the units digit of (-81)/18*g/1?
9
Let q(h) be the second derivative of -h**3/6 + 3*h**2 + h. What is the tens digit of q(-6)?
1
Let v be 0*3/6 - -7. Let w = -4 + v. Suppose 3*g - 61 + 25 = 3*d, 42 = w*g - 5*d. What is the units digit of g?
9
Let w = -50 - -71. What is the units digit of w?
1
Let o be (-24)/(-4) + -1*2. Let l be -2 - (2 + (-2 - o)). What is the units digit of 1/l - 14/(-4)?
4
Suppose -3*p = -p - 16. Suppose 13 = g - p. What is the units digit of g?
1
Suppose -t = 2*g - 12, -2*g + 2*t + 8 = 2*g. Suppose -2*q + 0*q - g*f + 22 = 0, -2*q + 5*f - 14 = 0. What is the units digit of q?
3
Suppose p - 6 = 3*p. Let k = p - -9. What is the units digit of k?
6
What is the tens digit of 10/25 - ((-393)/5 + -1)?
8
Let p be 3 + -2 + 1 + 3. Suppose -4*i = 12, 11 = -3*v - p*i - 4. Suppose -2*o + 6 + 4 = v. What is the units digit of o?
5
Let t be (-3)/(-3 + 0) + 1. Suppose -85 = -t*r - 3*r. What is the tens digit of r?
1
Let f be (-2 + 0)/(-6)*9. Let l = 5 - f. Suppose -15 = -s - l*s. What is the units digit of s?
5
Let w(f) = f**3 - 7*f**2 + 8*f - 5. Let y be w(5). Let d be (-2)/5 + (-81)/y. Let g = d + -4. What is the units digit of g?
1
Suppose 5*h - 21 = 124. What is the units digit of h?
9
What is the units digit of (-1)/2 + 138/4?
4
Let g = 5 - 6. What is the units digit of g/2*(0 - 8)?
4
Let c(s) = s**2 + 5*s - 22. What is the units digit of c(-10)?
8
Let y(q) = -2*q - 12. Let d(t) = -t. Let r(w) = 3*d(w) - y(w). Let b be r(7). Suppose i + b = 2*i. What is the units digit of i?
5
What is the hundreds digit of (-24)/180 + 6604/30?
2
Suppose -5*b - 24 = -9*b. What is the units digit of b?
6
What is the units digit of 3 - 3*(-76)/6?
1
Suppose -7*a + 3*a = 5*c, a = 3*c. Suppose 5*k - 85 = -c*k. What is the units digit of k?
7
Let a(o) = -6*o + 22. What is the tens digit of a(-11)?
8
What is the tens digit of 23/3*(1 - -2)?
2
Let m = 36 - 22. What is the tens digit of m?
1
Let l be (-1)/(5/(-2) + 2). What is the units digit of 0 + l + (2 - 0)?
4
Let s = -66 - -108. What is the units digit of s?
2
Let i(s) = s**2 + 8*s - 35. What is the tens digit of i(6)?
4
Suppose -5*d + 20 = -0*d. Let b = 4 - d. Let y = 10 - b. What is the units digit of y?
0
Suppose -18*g + 392 = -14*g. What is the tens digit of g?
9
Suppose 3*i + 4*p = -2*i + 334, -4*p + 4 = 0. What is the tens digit of i?
6
Let b = -4 + 8. Suppose -3*q + 4*a = -0*q + 2, -b*q - 40 = 4*a. Let d = q - -14. What is the units digit of d?
8
Suppose -8*n = -5*n - 21. What is the units digit of n?
7
Let c(x) = x**3 + 16*x**2 - 20*x + 14. What is the tens digit of c(-17)?
6
Let l(x) = -2*x - 18. Let v be l(-10). What is the units digit of 40 + (v - 3) + 3?
2
Let l(n) = n**3 + 15*n**2 + 14*n + 5. Let y be l(-14). Suppose h + 64 = y*h. What is the tens digit of h?
1
What is the tens digit of 4/12 + 134/3?
4
Let v(c) = 3*c + 9. Let i be (-40)/(-6) + 1/3. What is the tens digit of v(i)?
3
Suppose 0*w + 21 = 7*w. What is the tens digit of -4 - ((-192)/w - -4)?
5
Let o(d) = 3*d + 7. What is the units digit of o(5)?
2
What is the units digit of (-4 + 40)/(1/2)?
2
Let g(c) = c**2 + 6*c - 2. Let k be g(-5). Let u(d) be the second derivative of -d**5/20 - d**4/2 + 5*d**3/6 - 4*d**2 + d. What is the units digit of u(k)?
6
Let x(c) = -4*c + 3 + 4*c**2 + c - 1 + 0*c. Let y be 3/7 - (-66)/42. What is the units digit of x(y)?
2
Suppose -7 = n - 0*n. Let g = 20 + -8. Let t = n + g. What is the units digit of t?
5
Suppose -5*b = 80 - 500. Suppose -2*s - w + 44 = 0, -4*w + b = 4*s - 0*w. Suppose 5*q - s - 67 = 0. What is the tens digit of q?
1
Suppose 10 = -q + 58. What is the tens digit of q?
4
Suppose -113 = -5*a + 97. What is the tens digit of a?
4
Suppose -15 = -3*r + 69. Suppose 4*w = q - r, -w + 9 + 14 = q. What is the tens digit of q?
2
Suppose 3*r = r + 16. Suppose n - 2*n + r = 0. What is the units digit of n?
8
Suppose 4*f + 39 + 63 = r, -4 = 2*r. Let o = -16 - f. What is the units digit of o?
0
Let a = -3 - -6. Suppose -18 = 3*q - a, 0 = -5*y + q + 10. What is the units digit of y?
1
Let i(v) = -v**2 - 3*v**3 + 3*v**2 - v**2 + 0*v**3. Let p be 0 - (-2 - 3/(-1)). What is the units digit of i(p)?
4
Let h(w) = -w**3 - 6*w**2 - w - 3. Let j be h(-6). Suppose 0*x = -x + j. What is the units digit of x?
3
Let k(g) = -2*g**2 + 5*g + 2. Suppose -5*s + 24 = o, -4*o + 6 = 2*s - 0*o. Let t be k(s). Let y = t + 36. What is the tens digit of y?
1
Let q(k) = -k**3 + 5*k**2 + 7*k - 9. Let j be q(6). What is the units digit of ((-52)/j)/(6/9)?
6
Suppose 2*z - k = 19, 5*z - z + 2*k = 18. Let m = z + -1. What is the units digit of (-1)/(10/m + -2)?
3
Let j(o) = 3*o + 22. Let p be (-10)/(-6)*(8 - 2). What is the tens digit of j(p)?
5
Let d(w) = -w**2 + 6*w - 2. Let m be d(4). Let l = m + -3. Suppose 4*j + 41 = i + 2*i, 2*i + l*j = 16. What is the units digit of i?
1
Let w be (-154)/5 - (-2)/(-10). Let r = w + 52. What is the tens digit of r?
2
Let c = -24 + 7. Let v = -8 - c. What is the units digit of v?
9
Let b be 1/((-1)/4)*-1. What is the tens digit of ((-26)/(-6))/(b/12)?
1
Let f(d) = -2*d**2 - 4*d + 3. Let q be f(-4). What is the units digit of 0*(-2)/(-6) - q?
3
Let l(h) = -3*h - 10. Let r be l(-4). Suppose -r*d = -7 - 3. What is the units digit of d?
5
Let w(p) = -p**3 - 7*p**2 + 8*p - 7. Let q be w(-8). Let l = q + 15. What is the units digit of l/(-24) - 16/(-3)?
5
Suppose 6*n + 4*j - 29 = 5*n, -13 = -2*n + j. What is the units digit of n?
9
Suppose -2*o + 278 - 4 = 0. What is the tens digit of o?
3
Let r = 2 - 5. Let o = 2 - r. What is the units digit of o?
5
Let s(a) = a + 3. Let r(b) = -2*b - 10. Suppose -3*t - 21 = t - 5*k, -5*t = k + 48. Let o be r(t). What is the units digit of s(o)?
1
What is the tens digit of 102/(-9)*27/(-2)?
5
Suppose 7*h - 12*h + 15 = 0. What is the units digit of h?
3
Let c(u) = -u**3 + 21*u**2 + 55*u - 10. What is the hundreds digit of c(23)?
1
Let c = -3 - -21. What is the tens digit of c?
1
Let y(t) = 4*t**3 + 2*t**2 + 2*t + 5. Let g = 7 + -3. Let j(i) = 5*i**3 + 3*i**2 + 3*i + 4. Let l(c) = g*y(c) - 3*j(c). What is the units digit of l(0)?
8
What is the units digit of 10*((-6)/10 + 1)?
4
Let h = 102 - 74. What is the units digit of h?
8
Let y = 20 - 0. Suppose -2*g + y = 3*g. Suppose 4 = g*o - 2*o. What is the units digit of o?
2
Suppose 14 = -3*l + 83. What is the tens digit of l?
2
Let d be (20 - 1) + (-1 - 0). Let a = -6 + 15. Let y = d - a. What is the units digit of y?
9
Let s(t) = 7*t - 26. What is the tens digit of s(7)?
2
Let s(l) = l**3 - 11*l**2 - 10*l - 6. What is the units digit of s(12)?
8
Let q = -39 - -64. What is the tens digit of q?
2
Suppose 0 = -5*l + 311 + 84. What is the units digit of l?
9
Suppose 0 = 5*b - 3*b - 8. Suppose -i - 24 = -3*j + 6, -b*j + 30 = 2*i. Suppose 0 = -4*q, -3*q + j - 3 = 2*m. What is the units digit of m?
3
Let k be 1/((1 + 2)/270). Suppose 27 - k = -3*o. What is the tens digit of o?
2
Suppose r + 10 = 6*r. Suppose -15 + 95 = r*s. Suppos